the highest common factor of 92718 and 808?
202
Calculate the highest common divisor of 99153 and 598.
23
Calculate the highest common factor of 391 and 5911.
23
Calculate the greatest common divisor of 648 and 712962.
162
What is the greatest common factor of 26 and 2925?
13
What is the highest common factor of 9324 and 26788?
148
Calculate the highest common divisor of 49376 and 96.
32
Calculate the highest common factor of 922759 and 463.
463
What is the greatest common factor of 113742 and 180?
18
What is the highest common divisor of 246 and 1220898?
246
What is the highest common divisor of 6372 and 195588?
108
Calculate the highest common factor of 3562 and 29510.
26
Calculate the greatest common divisor of 353 and 6983399.
353
Calculate the highest common divisor of 18632 and 1632.
136
Calculate the greatest common divisor of 935 and 26520.
85
What is the highest common factor of 512 and 9696?
32
Calculate the highest common divisor of 9 and 48483.
9
Calculate the highest common factor of 3167422 and 92.
46
What is the highest common divisor of 738 and 91266?
246
What is the greatest common factor of 50 and 743275?
25
Calculate the greatest common factor of 357 and 24507.
21
What is the highest common divisor of 2072 and 704998?
518
Calculate the highest common factor of 432 and 60624.
144
What is the highest common divisor of 726 and 6?
6
What is the greatest common factor of 533955 and 1?
1
What is the highest common divisor of 31 and 3007?
31
Calculate the greatest common divisor of 2 and 2721214.
2
What is the greatest common factor of 966 and 43815?
69
What is the highest common factor of 184522 and 104?
26
What is the highest common divisor of 103536 and 240146?
1438
What is the highest common factor of 224 and 229376?
224
Calculate the highest common factor of 507 and 115089.
507
Calculate the highest common divisor of 5985 and 513.
171
Calculate the highest common divisor of 153 and 2925.
9
Calculate the highest common divisor of 43819 and 899.
29
What is the highest common divisor of 2482 and 6256?
34
What is the greatest common divisor of 30 and 555?
15
What is the highest common divisor of 48294 and 324?
18
What is the highest common divisor of 130 and 83954?
26
Calculate the highest common factor of 4209 and 10065.
183
What is the greatest common divisor of 36120 and 552?
24
Calculate the highest common divisor of 17095 and 65.
65
What is the highest common factor of 131366 and 1482?
38
Calculate the greatest common factor of 19 and 91181.
19
Calculate the highest common factor of 36 and 495252.
36
What is the highest common divisor of 181 and 71?
1
Calculate the greatest common factor of 2800 and 2268560.
560
Calculate the highest common divisor of 2484 and 2154.
6
What is the greatest common divisor of 2192 and 5?
1
Calculate the greatest common factor of 8 and 140652.
4
What is the greatest common divisor of 186 and 162130?
62
What is the greatest common factor of 19952 and 4814?
58
Calculate the highest common factor of 2835 and 141435.
315
Calculate the greatest common divisor of 623088 and 288.
144
What is the greatest common factor of 75 and 537?
3
What is the greatest common divisor of 63974 and 522?
58
Calculate the greatest common divisor of 303 and 7373.
101
What is the greatest common factor of 4566 and 137741?
761
What is the greatest common factor of 40314 and 1218?
6
Calculate the highest common factor of 275 and 2166835.
55
What is the greatest common divisor of 45 and 787935?
15
What is the greatest common factor of 130 and 205730?
10
What is the greatest common divisor of 385 and 39985?
55
What is the greatest common factor of 650 and 239150?
50
What is the greatest common divisor of 33 and 2792625?
33
Calculate the highest common divisor of 304 and 703.
19
Calculate the highest common divisor of 85261 and 2277.
253
What is the greatest common divisor of 154 and 14?
14
Calculate the greatest common factor of 129357 and 702.
27
What is the highest common factor of 40 and 525865?
5
What is the greatest common divisor of 328 and 2009?
41
What is the highest common divisor of 174 and 2167402?
58
What is the highest common factor of 1319865 and 30?
15
Calculate the highest common factor of 60416 and 413.
59
Calculate the greatest common divisor of 210 and 59136.
42
Calculate the highest common factor of 567 and 651.
21
What is the highest common factor of 11664 and 306?
18
What is the greatest common factor of 279473 and 46?
23
Calculate the highest common factor of 438 and 1515918.
438
What is the highest common divisor of 14279 and 2071?
109
Calculate the greatest common divisor of 17556 and 9471.
231
Calculate the greatest common divisor of 201701 and 1.
1
What is the greatest common factor of 20321 and 1036?
7
What is the greatest common divisor of 4846 and 8?
2
Calculate the highest common factor of 5 and 74455.
5
What is the greatest common factor of 4949 and 40866?
49
Calculate the highest common factor of 8235 and 120170.
305
What is the greatest common factor of 72 and 1691784?
72
Calculate the highest common factor of 12062 and 222.
74
What is the greatest common factor of 13754002 and 206?
206
Calculate the highest common factor of 2236870 and 9650.
1930
What is the highest common divisor of 151980 and 149?
149
Calculate the highest common factor of 91 and 1246.
7
Calculate the highest common factor of 12006 and 9338.
1334
What is the highest common factor of 2984 and 6488?
8
What is the highest common factor of 4500 and 53316?
36
Calculate the highest common divisor of 4125 and 30.
15
Calculate the highest common divisor of 15088 and 12382.
82
What is the highest common factor of 1309758 and 138?
138
What is the highest common factor of 864 and 13716?
108
Calculate the greatest common divisor of 812 and 16772.
28
What is the greatest common factor of 6872 and 16?
8
Calculate the greatest common divisor of 11687 and 131254.
899
Calculate the highest common factor of 68582 and 1590.
106
Calculate the greatest common factor of 64 and 1472.
64
Calculate the greatest common divisor of 16346 and 22.
22
Calculate the highest common factor of 3312 and 7659.
207
What is the highest common factor of 43564 and 4?
4
What is the highest common factor of 138 and 942?
6
Calculate the highest common divisor of 42 and 305088.
42
What is the greatest common factor of 100 and 832850?
50
Calculate the highest common divisor of 21 and 8083047.
21
Calculate the highest common factor of 3625 and 2950.
25
What is the highest common factor of 59301 and 1155?
33
Calculate the greatest common divisor of 4564 and 388.
4
What is the greatest common factor of 275604 and 21?
21
Calculate the greatest common factor of 2975 and 51.
17
Calculate the greatest common factor of 4640205 and 3195.
1065
Calculate the greatest common factor of 1044153 and 1431.
477
Calculate the highest common factor of 60060 and 208.
52
What is the greatest common divisor of 126153 and 4323?
393
What is the greatest common divisor of 3753 and 1390?
139
What is the highest common factor of 418 and 532741?
209
What is the greatest common factor of 3397250 and 100?
50
Calculate the highest common factor of 435240 and 45.
45
What is the highest common factor of 747 and 136950?
249
What is the highest common divisor of 7336 and 2912?
56
Calculate the highest common divisor of 95284 and 252.
28
Calculate the highest common divisor of 251706 and 273.
273
What is the greatest common factor of 4483432 and 8?
8
Calculate the greatest common divisor of 18 and 75612.
6
What is the highest common divisor of 84 and 1569162?
42
Calculate the greatest common divisor of 441 and 108633.
147
Calculate the highest common divisor of 46 and 2119427.
23
What is the highest common divisor of 24 and 5581456?
8
Calculate the highest common divisor of 9711 and 111137.
1079
What is the greatest common factor of 1712 and 9523?
107
Calculate the greatest common factor of 11 and 24629.
11
What is the greatest common factor of 356 and 472412?
356
What is the highest common factor of 3331536 and 114?
114
Calculate the highest common factor of 4898 and 104.
2
What is the greatest common divisor of 1478 and 3267119?
739
What is the greatest common divisor of 416 and 16965?
13
What is 